{"id":755,"date":"2021-11-17T14:06:46","date_gmt":"2021-11-17T12:06:46","guid":{"rendered":"https:\/\/hecttar68.fr\/padda68\/?page_id=755"},"modified":"2022-02-06T19:50:34","modified_gmt":"2022-02-06T17:50:34","slug":"ponte-et-couvaison-5","status":"publish","type":"page","link":"https:\/\/hecttar68.fr\/padda68\/ponte-et-couvaison-5\/","title":{"rendered":"Ponte et couvaison 5 du 17 novembre 2021"},"content":{"rendered":"\t\t<div data-elementor-type=\"wp-page\" data-elementor-id=\"755\" class=\"elementor elementor-755\">\n\t\t\t\t\t\t<section class=\"elementor-section elementor-top-section elementor-element elementor-element-64e5fc55 elementor-section-boxed elementor-section-height-default elementor-section-height-default\" data-id=\"64e5fc55\" data-element_type=\"section\" data-e-type=\"section\">\n\t\t\t\t\t\t<div class=\"elementor-container elementor-column-gap-default\">\n\t\t\t\t\t<div class=\"elementor-column elementor-col-100 elementor-top-column elementor-element elementor-element-219e590b\" data-id=\"219e590b\" data-element_type=\"column\" data-e-type=\"column\">\n\t\t\t<div class=\"elementor-widget-wrap elementor-element-populated\">\n\t\t\t\t\t\t<div class=\"elementor-element elementor-element-6e47647 elementor-widget elementor-widget-text-editor\" data-id=\"6e47647\" data-element_type=\"widget\" data-e-type=\"widget\" data-widget_type=\"text-editor.default\">\n\t\t\t\t<div class=\"elementor-widget-container\">\n\t\t\t\t\t\t\t\t\t\n<div class=\"wp-block-themeisle-blocks-advanced-columns has-undefined-columns has-desktop-undefined-layout has-tablet-equal-layout has-mobile-equal-layout has-default-gap has-vertical-unset\" id=\"wp-block-themeisle-blocks-advanced-columns-bc765866\"><div class=\"wp-block-themeisle-blocks-advanced-columns-overlay\"><\/div><div class=\"innerblocks-wrap\"><\/div><\/div>\n\t\t\t\t\t\t\t\t<\/div>\n\t\t\t\t<\/div>\n\t\t\t\t\t<\/div>\n\t\t<\/div>\n\t\t\t\t\t<\/div>\n\t\t<\/section>\n\t\t\t\t<section class=\"elementor-section elementor-top-section elementor-element elementor-element-aceaa06 elementor-section-boxed elementor-section-height-default elementor-section-height-default\" data-id=\"aceaa06\" data-element_type=\"section\" data-e-type=\"section\">\n\t\t\t\t\t\t<div class=\"elementor-container elementor-column-gap-default\">\n\t\t\t\t\t<div class=\"elementor-column elementor-col-100 elementor-top-column elementor-element elementor-element-b022cf1\" data-id=\"b022cf1\" data-element_type=\"column\" data-e-type=\"column\">\n\t\t\t<div class=\"elementor-widget-wrap elementor-element-populated\">\n\t\t\t\t\t\t<div class=\"elementor-element elementor-element-b8dd4b4 elementor-widget elementor-widget-heading\" data-id=\"b8dd4b4\" data-element_type=\"widget\" data-e-type=\"widget\" data-widget_type=\"heading.default\">\n\t\t\t\t<div class=\"elementor-widget-container\">\n\t\t\t\t\t<h2 class=\"elementor-heading-title elementor-size-default\">ponte du 17 novembre 2021<\/h2>\t\t\t\t<\/div>\n\t\t\t\t<\/div>\n\t\t\t\t\t<\/div>\n\t\t<\/div>\n\t\t\t\t\t<\/div>\n\t\t<\/section>\n\t\t\t\t<section class=\"elementor-section elementor-top-section elementor-element elementor-element-7de9ff6 elementor-section-boxed elementor-section-height-default elementor-section-height-default\" data-id=\"7de9ff6\" data-element_type=\"section\" data-e-type=\"section\">\n\t\t\t\t\t\t<div class=\"elementor-container elementor-column-gap-default\">\n\t\t\t\t\t<div class=\"elementor-column elementor-col-100 elementor-top-column elementor-element elementor-element-6f9fc18\" data-id=\"6f9fc18\" data-element_type=\"column\" data-e-type=\"column\">\n\t\t\t<div class=\"elementor-widget-wrap elementor-element-populated\">\n\t\t\t\t\t\t<div class=\"elementor-element elementor-element-e2c5b3e elementor-widget elementor-widget-image\" data-id=\"e2c5b3e\" data-element_type=\"widget\" data-e-type=\"widget\" data-widget_type=\"image.default\">\n\t\t\t\t<div class=\"elementor-widget-container\">\n\t\t\t\t\t\t\t\t\t\t\t\t<figure class=\"wp-caption\">\n\t\t\t\t\t\t\t\t\t\t<img fetchpriority=\"high\" decoding=\"async\" width=\"1024\" height=\"768\" src=\"https:\/\/hecttar68.fr\/padda68\/wp-content\/uploads\/2021\/11\/1637150951772-1024x768.jpg\" class=\"attachment-large size-large wp-image-758\" alt=\"\" srcset=\"https:\/\/hecttar68.fr\/padda68\/wp-content\/uploads\/2021\/11\/1637150951772-1024x768.jpg 1024w, https:\/\/hecttar68.fr\/padda68\/wp-content\/uploads\/2021\/11\/1637150951772-300x225.jpg 300w, https:\/\/hecttar68.fr\/padda68\/wp-content\/uploads\/2021\/11\/1637150951772-768x576.jpg 768w, https:\/\/hecttar68.fr\/padda68\/wp-content\/uploads\/2021\/11\/1637150951772.jpg 1280w\" sizes=\"(max-width: 1024px) 100vw, 1024px\" \/>\t\t\t\t\t\t\t\t\t\t\t<figcaption class=\"widget-image-caption wp-caption-text\">ponte du 17 nov 21 avec padda n\u00e9 le 28 oct 21<\/figcaption>\n\t\t\t\t\t\t\t\t\t\t<\/figure>\n\t\t\t\t\t\t\t\t\t<\/div>\n\t\t\t\t<\/div>\n\t\t\t\t\t<\/div>\n\t\t<\/div>\n\t\t\t\t\t<\/div>\n\t\t<\/section>\n\t\t\t\t<section class=\"elementor-section elementor-top-section elementor-element elementor-element-8685e83 elementor-section-boxed elementor-section-height-default elementor-section-height-default\" data-id=\"8685e83\" data-element_type=\"section\" data-e-type=\"section\">\n\t\t\t\t\t\t<div class=\"elementor-container elementor-column-gap-default\">\n\t\t\t\t\t<div class=\"elementor-column elementor-col-100 elementor-top-column elementor-element elementor-element-d1cc420\" data-id=\"d1cc420\" data-element_type=\"column\" data-e-type=\"column\">\n\t\t\t<div class=\"elementor-widget-wrap elementor-element-populated\">\n\t\t\t\t\t\t<div class=\"elementor-element elementor-element-85a43fa elementor-widget elementor-widget-text-editor\" data-id=\"85a43fa\" data-element_type=\"widget\" data-e-type=\"widget\" data-widget_type=\"text-editor.default\">\n\t\t\t\t<div class=\"elementor-widget-container\">\n\t\t\t\t\t\t\t\t\t<p>Ponte totale de 7 \u0153ufs&nbsp;<\/p><p>couvaison pendant plus de 20 jours&nbsp; mais sans r\u00e9sultat , aucun oeuf f\u00e9cond\u00e9&nbsp;<\/p>\t\t\t\t\t\t\t\t<\/div>\n\t\t\t\t<\/div>\n\t\t\t\t\t<\/div>\n\t\t<\/div>\n\t\t\t\t\t<\/div>\n\t\t<\/section>\n\t\t\t\t<\/div>\n\t\t","protected":false},"excerpt":{"rendered":"<p>ponte du 17 novembre 2021 ponte du 17 nov 21 avec padda n\u00e9 le 28 oct 21 Ponte totale de 7 \u0153ufs&nbsp; couvaison pendant plus de 20 jours&nbsp; mais sans r\u00e9sultat , aucun oeuf f\u00e9cond\u00e9&nbsp;<\/p>\n","protected":false},"author":1,"featured_media":0,"parent":0,"menu_order":0,"comment_status":"closed","ping_status":"closed","template":"","meta":{"ocean_post_layout":"full-screen","ocean_both_sidebars_style":"","ocean_both_sidebars_content_width":0,"ocean_both_sidebars_sidebars_width":0,"ocean_sidebar":"0","ocean_second_sidebar":"0","ocean_disable_margins":"enable","ocean_add_body_class":"","ocean_shortcode_before_top_bar":"","ocean_shortcode_after_top_bar":"","ocean_shortcode_before_header":"","ocean_shortcode_after_header":"","ocean_has_shortcode":"","ocean_shortcode_after_title":"","ocean_shortcode_before_footer_widgets":"","ocean_shortcode_after_footer_widgets":"","ocean_shortcode_before_footer_bottom":"","ocean_shortcode_after_footer_bottom":"","ocean_display_top_bar":"default","ocean_display_header":"default","ocean_header_style":"","ocean_center_header_left_menu":"0","ocean_custom_header_template":"0","ocean_custom_logo":0,"ocean_custom_retina_logo":0,"ocean_custom_logo_max_width":0,"ocean_custom_logo_tablet_max_width":0,"ocean_custom_logo_mobile_max_width":0,"ocean_custom_logo_max_height":0,"ocean_custom_logo_tablet_max_height":0,"ocean_custom_logo_mobile_max_height":0,"ocean_header_custom_menu":"0","ocean_menu_typo_font_family":"0","ocean_menu_typo_font_subset":"","ocean_menu_typo_font_size":0,"ocean_menu_typo_font_size_tablet":0,"ocean_menu_typo_font_size_mobile":0,"ocean_menu_typo_font_size_unit":"px","ocean_menu_typo_font_weight":"","ocean_menu_typo_font_weight_tablet":"","ocean_menu_typo_font_weight_mobile":"","ocean_menu_typo_transform":"","ocean_menu_typo_transform_tablet":"","ocean_menu_typo_transform_mobile":"","ocean_menu_typo_line_height":0,"ocean_menu_typo_line_height_tablet":0,"ocean_menu_typo_line_height_mobile":0,"ocean_menu_typo_line_height_unit":"","ocean_menu_typo_spacing":0,"ocean_menu_typo_spacing_tablet":0,"ocean_menu_typo_spacing_mobile":0,"ocean_menu_typo_spacing_unit":"","ocean_menu_link_color":"","ocean_menu_link_color_hover":"","ocean_menu_link_color_active":"","ocean_menu_link_background":"","ocean_menu_link_hover_background":"","ocean_menu_link_active_background":"","ocean_menu_social_links_bg":"","ocean_menu_social_hover_links_bg":"","ocean_menu_social_links_color":"","ocean_menu_social_hover_links_color":"","ocean_disable_title":"default","ocean_disable_heading":"default","ocean_post_title":"","ocean_post_subheading":"","ocean_post_title_style":"","ocean_post_title_background_color":"","ocean_post_title_background":0,"ocean_post_title_bg_image_position":"","ocean_post_title_bg_image_attachment":"","ocean_post_title_bg_image_repeat":"","ocean_post_title_bg_image_size":"","ocean_post_title_height":0,"ocean_post_title_bg_overlay":0.5,"ocean_post_title_bg_overlay_color":"","ocean_disable_breadcrumbs":"default","ocean_breadcrumbs_color":"","ocean_breadcrumbs_separator_color":"","ocean_breadcrumbs_links_color":"","ocean_breadcrumbs_links_hover_color":"","ocean_display_footer_widgets":"default","ocean_display_footer_bottom":"default","ocean_custom_footer_template":"0","footnotes":""},"class_list":["post-755","page","type-page","status-publish","hentry","entry"],"yoast_head":"<!-- This site is optimized with the Yoast SEO plugin v27.4 - https:\/\/yoast.com\/product\/yoast-seo-wordpress\/ -->\n<title>Ponte et couvaison 5 du 17 novembre 2021 - PADDA EN ALSACE<\/title>\n<meta name=\"robots\" content=\"index, follow, max-snippet:-1, max-image-preview:large, max-video-preview:-1\" \/>\n<link rel=\"canonical\" href=\"https:\/\/hecttar68.fr\/padda68\/ponte-et-couvaison-5\/\" \/>\n<meta property=\"og:locale\" content=\"fr_FR\" \/>\n<meta property=\"og:type\" content=\"article\" \/>\n<meta property=\"og:title\" content=\"Ponte et couvaison 5 du 17 novembre 2021 - PADDA EN ALSACE\" \/>\n<meta property=\"og:description\" content=\"ponte du 17 novembre 2021 ponte du 17 nov 21 avec padda n\u00e9 le 28 oct 21 Ponte totale de 7 \u0153ufs&nbsp; couvaison pendant plus de 20 jours&nbsp; mais sans r\u00e9sultat , aucun oeuf f\u00e9cond\u00e9&nbsp;\" \/>\n<meta property=\"og:url\" content=\"https:\/\/hecttar68.fr\/padda68\/ponte-et-couvaison-5\/\" \/>\n<meta property=\"og:site_name\" content=\"PADDA EN ALSACE\" \/>\n<meta property=\"article:modified_time\" content=\"2022-02-06T17:50:34+00:00\" \/>\n<meta property=\"og:image\" content=\"https:\/\/hecttar68.fr\/padda68\/wp-content\/uploads\/2021\/11\/1637150951772-1024x768.jpg\" \/>\n<meta name=\"twitter:label1\" content=\"Dur\u00e9e de lecture estim\u00e9e\" \/>\n\t<meta name=\"twitter:data1\" content=\"1 minute\" \/>\n<script type=\"application\/ld+json\" class=\"yoast-schema-graph\">{\"@context\":\"https:\\\/\\\/schema.org\",\"@graph\":[{\"@type\":\"WebPage\",\"@id\":\"https:\\\/\\\/hecttar68.fr\\\/padda68\\\/ponte-et-couvaison-5\\\/\",\"url\":\"https:\\\/\\\/hecttar68.fr\\\/padda68\\\/ponte-et-couvaison-5\\\/\",\"name\":\"Ponte et couvaison 5 du 17 novembre 2021 - PADDA EN ALSACE\",\"isPartOf\":{\"@id\":\"https:\\\/\\\/hecttar68.fr\\\/padda68\\\/#website\"},\"primaryImageOfPage\":{\"@id\":\"https:\\\/\\\/hecttar68.fr\\\/padda68\\\/ponte-et-couvaison-5\\\/#primaryimage\"},\"image\":{\"@id\":\"https:\\\/\\\/hecttar68.fr\\\/padda68\\\/ponte-et-couvaison-5\\\/#primaryimage\"},\"thumbnailUrl\":\"https:\\\/\\\/hecttar68.fr\\\/padda68\\\/wp-content\\\/uploads\\\/2021\\\/11\\\/1637150951772-1024x768.jpg\",\"datePublished\":\"2021-11-17T12:06:46+00:00\",\"dateModified\":\"2022-02-06T17:50:34+00:00\",\"inLanguage\":\"fr-FR\",\"potentialAction\":[{\"@type\":\"ReadAction\",\"target\":[\"https:\\\/\\\/hecttar68.fr\\\/padda68\\\/ponte-et-couvaison-5\\\/\"]}]},{\"@type\":\"ImageObject\",\"inLanguage\":\"fr-FR\",\"@id\":\"https:\\\/\\\/hecttar68.fr\\\/padda68\\\/ponte-et-couvaison-5\\\/#primaryimage\",\"url\":\"https:\\\/\\\/hecttar68.fr\\\/padda68\\\/wp-content\\\/uploads\\\/2021\\\/11\\\/1637150951772.jpg\",\"contentUrl\":\"https:\\\/\\\/hecttar68.fr\\\/padda68\\\/wp-content\\\/uploads\\\/2021\\\/11\\\/1637150951772.jpg\",\"width\":1280,\"height\":960,\"caption\":\"ponte du 17 nov 21 avec padda n\u00e9 le 28 oct 21\"},{\"@type\":\"WebSite\",\"@id\":\"https:\\\/\\\/hecttar68.fr\\\/padda68\\\/#website\",\"url\":\"https:\\\/\\\/hecttar68.fr\\\/padda68\\\/\",\"name\":\"PADDA EN ALSACE\",\"description\":\"Exp\u00e9rience en tant que d\u00e9butant sur l&#039;\u00e9levage de PADDA\",\"publisher\":{\"@id\":\"https:\\\/\\\/hecttar68.fr\\\/padda68\\\/#\\\/schema\\\/person\\\/77a4a54746e7c6eece2474c96338c6d0\"},\"potentialAction\":[{\"@type\":\"SearchAction\",\"target\":{\"@type\":\"EntryPoint\",\"urlTemplate\":\"https:\\\/\\\/hecttar68.fr\\\/padda68\\\/?s={search_term_string}\"},\"query-input\":{\"@type\":\"PropertyValueSpecification\",\"valueRequired\":true,\"valueName\":\"search_term_string\"}}],\"inLanguage\":\"fr-FR\"},{\"@type\":[\"Person\",\"Organization\"],\"@id\":\"https:\\\/\\\/hecttar68.fr\\\/padda68\\\/#\\\/schema\\\/person\\\/77a4a54746e7c6eece2474c96338c6d0\",\"name\":\"admin\",\"image\":{\"@type\":\"ImageObject\",\"inLanguage\":\"fr-FR\",\"@id\":\"https:\\\/\\\/hecttar68.fr\\\/padda68\\\/wp-content\\\/uploads\\\/2021\\\/08\\\/20210803_171132.jpg\",\"url\":\"https:\\\/\\\/hecttar68.fr\\\/padda68\\\/wp-content\\\/uploads\\\/2021\\\/08\\\/20210803_171132.jpg\",\"contentUrl\":\"https:\\\/\\\/hecttar68.fr\\\/padda68\\\/wp-content\\\/uploads\\\/2021\\\/08\\\/20210803_171132.jpg\",\"width\":1920,\"height\":1597,\"caption\":\"admin\"},\"logo\":{\"@id\":\"https:\\\/\\\/hecttar68.fr\\\/padda68\\\/wp-content\\\/uploads\\\/2021\\\/08\\\/20210803_171132.jpg\"}}]}<\/script>\n<!-- \/ Yoast SEO plugin. -->","yoast_head_json":{"title":"Ponte et couvaison 5 du 17 novembre 2021 - PADDA EN ALSACE","robots":{"index":"index","follow":"follow","max-snippet":"max-snippet:-1","max-image-preview":"max-image-preview:large","max-video-preview":"max-video-preview:-1"},"canonical":"https:\/\/hecttar68.fr\/padda68\/ponte-et-couvaison-5\/","og_locale":"fr_FR","og_type":"article","og_title":"Ponte et couvaison 5 du 17 novembre 2021 - PADDA EN ALSACE","og_description":"ponte du 17 novembre 2021 ponte du 17 nov 21 avec padda n\u00e9 le 28 oct 21 Ponte totale de 7 \u0153ufs&nbsp; couvaison pendant plus de 20 jours&nbsp; mais sans r\u00e9sultat , aucun oeuf f\u00e9cond\u00e9&nbsp;","og_url":"https:\/\/hecttar68.fr\/padda68\/ponte-et-couvaison-5\/","og_site_name":"PADDA EN ALSACE","article_modified_time":"2022-02-06T17:50:34+00:00","og_image":[{"url":"https:\/\/hecttar68.fr\/padda68\/wp-content\/uploads\/2021\/11\/1637150951772-1024x768.jpg","type":"","width":"","height":""}],"twitter_misc":{"Dur\u00e9e de lecture estim\u00e9e":"1 minute"},"schema":{"@context":"https:\/\/schema.org","@graph":[{"@type":"WebPage","@id":"https:\/\/hecttar68.fr\/padda68\/ponte-et-couvaison-5\/","url":"https:\/\/hecttar68.fr\/padda68\/ponte-et-couvaison-5\/","name":"Ponte et couvaison 5 du 17 novembre 2021 - PADDA EN ALSACE","isPartOf":{"@id":"https:\/\/hecttar68.fr\/padda68\/#website"},"primaryImageOfPage":{"@id":"https:\/\/hecttar68.fr\/padda68\/ponte-et-couvaison-5\/#primaryimage"},"image":{"@id":"https:\/\/hecttar68.fr\/padda68\/ponte-et-couvaison-5\/#primaryimage"},"thumbnailUrl":"https:\/\/hecttar68.fr\/padda68\/wp-content\/uploads\/2021\/11\/1637150951772-1024x768.jpg","datePublished":"2021-11-17T12:06:46+00:00","dateModified":"2022-02-06T17:50:34+00:00","inLanguage":"fr-FR","potentialAction":[{"@type":"ReadAction","target":["https:\/\/hecttar68.fr\/padda68\/ponte-et-couvaison-5\/"]}]},{"@type":"ImageObject","inLanguage":"fr-FR","@id":"https:\/\/hecttar68.fr\/padda68\/ponte-et-couvaison-5\/#primaryimage","url":"https:\/\/hecttar68.fr\/padda68\/wp-content\/uploads\/2021\/11\/1637150951772.jpg","contentUrl":"https:\/\/hecttar68.fr\/padda68\/wp-content\/uploads\/2021\/11\/1637150951772.jpg","width":1280,"height":960,"caption":"ponte du 17 nov 21 avec padda n\u00e9 le 28 oct 21"},{"@type":"WebSite","@id":"https:\/\/hecttar68.fr\/padda68\/#website","url":"https:\/\/hecttar68.fr\/padda68\/","name":"PADDA EN ALSACE","description":"Exp\u00e9rience en tant que d\u00e9butant sur l&#039;\u00e9levage de PADDA","publisher":{"@id":"https:\/\/hecttar68.fr\/padda68\/#\/schema\/person\/77a4a54746e7c6eece2474c96338c6d0"},"potentialAction":[{"@type":"SearchAction","target":{"@type":"EntryPoint","urlTemplate":"https:\/\/hecttar68.fr\/padda68\/?s={search_term_string}"},"query-input":{"@type":"PropertyValueSpecification","valueRequired":true,"valueName":"search_term_string"}}],"inLanguage":"fr-FR"},{"@type":["Person","Organization"],"@id":"https:\/\/hecttar68.fr\/padda68\/#\/schema\/person\/77a4a54746e7c6eece2474c96338c6d0","name":"admin","image":{"@type":"ImageObject","inLanguage":"fr-FR","@id":"https:\/\/hecttar68.fr\/padda68\/wp-content\/uploads\/2021\/08\/20210803_171132.jpg","url":"https:\/\/hecttar68.fr\/padda68\/wp-content\/uploads\/2021\/08\/20210803_171132.jpg","contentUrl":"https:\/\/hecttar68.fr\/padda68\/wp-content\/uploads\/2021\/08\/20210803_171132.jpg","width":1920,"height":1597,"caption":"admin"},"logo":{"@id":"https:\/\/hecttar68.fr\/padda68\/wp-content\/uploads\/2021\/08\/20210803_171132.jpg"}}]}},"_links":{"self":[{"href":"https:\/\/hecttar68.fr\/padda68\/wp-json\/wp\/v2\/pages\/755","targetHints":{"allow":["GET"]}}],"collection":[{"href":"https:\/\/hecttar68.fr\/padda68\/wp-json\/wp\/v2\/pages"}],"about":[{"href":"https:\/\/hecttar68.fr\/padda68\/wp-json\/wp\/v2\/types\/page"}],"author":[{"embeddable":true,"href":"https:\/\/hecttar68.fr\/padda68\/wp-json\/wp\/v2\/users\/1"}],"replies":[{"embeddable":true,"href":"https:\/\/hecttar68.fr\/padda68\/wp-json\/wp\/v2\/comments?post=755"}],"version-history":[{"count":0,"href":"https:\/\/hecttar68.fr\/padda68\/wp-json\/wp\/v2\/pages\/755\/revisions"}],"wp:attachment":[{"href":"https:\/\/hecttar68.fr\/padda68\/wp-json\/wp\/v2\/media?parent=755"}],"curies":[{"name":"wp","href":"https:\/\/api.w.org\/{rel}","templated":true}]}}